 + x/(-715)). Calculate the greatest common divisor of k and 62.
31
Let j(r) = -2*r**3 - 3*r**2 + r. Suppose 8 = -2*i + 2. Let a be j(i). Let m = -88 - -160. Calculate the greatest common factor of a and m.
24
Let n be (-22)/4*(5 - 3). Let q be (n/(-4) - 4)*-4. What is the greatest common factor of q and 1?
1
Suppose -d = -2*d + 325. Suppose -9 = -3*h, 4*h - 98 = 3*s + d. Let z = s + 263. Calculate the greatest common factor of z and 14.
14
Suppose 6*j - 3*j + 6 = 3*r, 4*r = 8. Suppose t - 21 = -2*t - 3*u, -3*t + 5*u + 61 = j. Calculate the highest common factor of t and 3.
3
Let x be (-1 + 3)/(2/1). Let i = 3 - x. Suppose -i*a - 7*k + 2*k + 86 = 0, 12 = 3*k. Calculate the greatest common divisor of 11 and a.
11
Let b be ((-132)/18)/(1/(-18)). Let g(j) = -j + 3. Let l be g(0). Suppose 5*q - 57 = l. What is the greatest common factor of q and b?
12
Let d(v) = v**3 - 15*v**2 - 18*v + 22. Let t be d(16). Let h be t/(-20) + (-54)/(-4). What is the highest common factor of h and 35?
7
Let p(h) = 2 - 7*h - 10*h**2 - 4 + 8*h**2 + h**2. Let g = -11 + 5. Let d be p(g). What is the highest common factor of d and 1?
1
Let o(w) = -2*w + 1. Let n be o(-4). Let x be (1 + 6 + -1)*1. Suppose 0 = -3*a + x + n. Calculate the highest common factor of a and 45.
5
Let o be (39/(-2))/(1/(-4) - -1). Let y = o - -43. Calculate the greatest common factor of y and 51.
17
Suppose 58*k = 53*k - 225. Let n = k + 102. Calculate the highest common factor of n and 38.
19
Let i = 8 - -12. Let b(g) = -g**2 - 27*g + 38. Let f be b(-14). Calculate the greatest common divisor of f and i.
20
Let f = -2113 + 2545. What is the greatest common factor of f and 192?
48
Let z = -2 - -5. Suppose 0 = -4*o + 4*d, 9*o = -o - d + 33. What is the greatest common factor of z and o?
3
Suppose -2*k + 38 = u, -2*k + u = -0*k - 30. What is the greatest common factor of k and 731?
17
Let p be (-4 + 3)*(-4)/1. Suppose 0 = p*r - 81 + 21. Let t = 6 + 0. What is the greatest common factor of r and t?
3
Let w be 396 - (-2 + -2 - 0). Suppose 6*j - 8*j = -w. Calculate the highest common divisor of 25 and j.
25
Let t be (6/6)/(10/160). Let w(f) = 176*f**3 + f - 1. Let d be w(1). Calculate the greatest common divisor of d and t.
16
Suppose 3*d = -4*l - 2*d + 202, 0 = 5*l - 3*d - 271. What is the highest common divisor of l and 1?
1
Let h = 1491 - 1457. What is the highest common factor of 850 and h?
34
Let o be (-1066)/(-287) - (-2)/7. What is the highest common divisor of 5 and o?
1
Suppose 0*c - 4*g = -2*c + 184, -4*c - 5*g = -316. Suppose -8 = -2*r + 48. Calculate the highest common factor of c and r.
28
Suppose 4*x - 45 = -x. Let f be 1/(-6) - (3 - (-794)/(-12)). Calculate the greatest common divisor of x and f.
9
Let p = -24 - -126. Let c be -1 + 72 + (-3 - 0). What is the greatest common divisor of p and c?
34
Suppose -6*z - 1260 = -10*z. What is the highest common divisor of 70 and z?
35
Let d = 328 + -315. What is the greatest common factor of d and 325?
13
Suppose 0 = 5*d + 3*h - 124, -120 = 7*d - 12*d - 5*h. What is the greatest common divisor of d and 182?
26
Suppose -3*s = -g - 111, 4*s - 3*g - g = 140. Suppose -3*l - 31 + 202 = 0. Calculate the highest common divisor of l and s.
19
Let s = 0 - -8. Suppose 12*b + 2 = 14*b. Let p be 35 + b - -4*1. Calculate the highest common divisor of s and p.
8
Suppose 0 = -4*g - g + 20. Suppose 4*b = g + 8. Suppose -24 = -q - b*q. Calculate the greatest common factor of q and 6.
6
Suppose 25*g = 12*g + 1326. What is the highest common factor of g and 663?
51
Suppose 5*k = 6*k - 1. Suppose -k = -z - 9. Let c be 7047/36 + (-2)/z. Calculate the highest common divisor of c and 28.
28
Let a(o) = -30*o - 100. Let l be a(-9). Calculate the highest common factor of l and 40.
10
Suppose 0*f - 8 = -4*f. Let p be ((-4)/6)/(42/(-126)). Calculate the greatest common divisor of f and p.
2
Let x(z) = -9*z**3 + z**2 + 2*z + 3. Let y be x(-2). Suppose -4*i - 11 = -3, 0 = -4*f - i + 58. Calculate the highest common divisor of f and y.
15
Let j(w) = -w**3 - 14*w**2 + 30*w - 22. Let s be j(-16). Calculate the greatest common divisor of s and 410.
10
Let h be -52*(-7)/(-4 + 11). Calculate the highest common divisor of h and 65.
13
Let c be (-2)/(-3 + 0 + 2). Let b(o) = -o**3 - o**2 + o - 7. Let y be b(0). Let p = y + 8. What is the greatest common divisor of c and p?
1
Suppose 4*q - 60 = 3*j, -q - 3*j - 1 = -16. Suppose f = 6*f - 600. Calculate the highest common divisor of f and q.
15
Let c = 0 + 1. Let h be (-8 + 9)*(1 - c). Suppose -12 = -h*q - q. What is the highest common factor of q and 48?
12
Let n(l) = 20*l**2 + 18*l - 20. Let q be n(1). Calculate the greatest common factor of 16 and q.
2
Let u be (-4)/14 - (-612)/(-14). Let c = -31 - u. Suppose 2*z - 4*l = 92, 2*z - 3*l = z + 43. What is the highest common factor of c and z?
13
Suppose -955 - 152 = -27*y. What is the highest common factor of 697 and y?
41
Suppose -703 - 77 = -5*m. Let z be m*(-10)/(-45)*3/2. What is the greatest common divisor of z and 104?
52
Suppose -784*h + 797*h = 12688. Calculate the highest common divisor of 183 and h.
61
Suppose p - 3 = -0. Let x be p - (-9)/6*8. Suppose -o = -5 - x. What is the highest common factor of 5 and o?
5
Let q(w) = -28*w - 5. Let r be q(-4). Let n = 31 + r. What is the highest common divisor of n and 6?
6
Suppose -s + 3*h + 16 + 8 = 0, 3*s - 3*h - 54 = 0. Suppose -2*g - 4*q = -244, 5*q + 41 - 646 = -5*g. Calculate the highest common divisor of g and s.
15
Suppose 95 + 65 = 4*n. Let p = 206 - 186. Calculate the greatest common divisor of n and p.
20
Suppose -3*k = -9, d - 4*k = -3*k + 177. What is the highest common factor of d and 36?
36
Let l = 22 - 15. Suppose -l*i + 87 = -4*i. Let z be 4 - 5 - (1 - i). What is the highest common factor of z and 9?
9
Suppose 302*q - 291*q - 6237 = 0. What is the greatest common divisor of 105 and q?
21
Let r(u) = -1. Let o(m) = -6*m - 17. Let t(g) = o(g) - 5*r(g). Let f be t(-6). Calculate the highest common divisor of f and 36.
12
Suppose -5*i = 2*g - 94, 40 = 5*i - g - 48. Suppose -2*p + 4 = -i. Suppose 3*v + 45 = 3*b, 5 = -b - 0*v - 4*v. Calculate the highest common factor of p and b.
11
Let o be (1872/(-120))/(6/40). Let c = o + 128. Suppose 5*y = 5*q - 100, -q + 4*y = 4*q - 96. What is the highest common factor of q and c?
8
Suppose -5*i + 4*q + 786 = -0*q, i - 170 = 4*q. Calculate the greatest common divisor of i and 22.
22
Let u(j) = 43*j**2 + 5*j - 5. Let v be u(4). Calculate the highest common factor of 19 and v.
19
Let i be (2/4 - 0)*8. Suppose 0 = -2*x - 2*x + 3*n + 68, 68 = i*x + 2*n. Let k be ((-630)/525)/((-2)/85*1). What is the greatest common divisor of x and k?
17
Suppose 34 + 196 = 2*u. Suppose -4*w = 2*r - 6*r + 20, -5*r - 4*w = -43. Let n be r/28 + 183/4. What is the greatest common factor of u and n?
23
Let w(u) = 6*u**2 + 6*u + 8. Let o = 74 - 76. Let z be w(o). Calculate the greatest common factor of 220 and z.
20
Let k(s) = 37*s - 656. Let p be k(37). Calculate the greatest common divisor of p and 23.
23
Suppose 0 = -4*v - 4*y + 372, -2*y + 27 = -v + 126. What is the highest common divisor of v and 38?
19
Let z = -501 + 517. What is the highest common factor of 1 and z?
1
Let c be (-1015)/58*(-1 + -1). What is the greatest common factor of 14 and c?
7
Let r = 65 - 28. Let n = r + -28. What is the highest common divisor of 81 and n?
9
Let p(c) = 7*c + 16. Let s be p(-4). Let m be 290/6 - (-6 + (-76)/s). Calculate the greatest common divisor of 24 and m.
24
Let p = 109 - 44. Suppose -4*o = a - p, 2*o + 5*a - 34 = 21. What is the highest common divisor of o and 165?
15
Suppose 838*f = 853*f - 135. What is the highest common divisor of 183 and f?
3
Suppose -555 = -11*x + 468. What is the highest common factor of x and 465?
93
Let t = -1211 + 3461. What is the highest common factor of 90 and t?
90
Suppose -4*t + 3*t - 2*o = -99, 3*t = 2*o + 281. Let d = -90 + t. What is the greatest common divisor of 45 and d?
5
Let j = 66 - 64. Let w be (-1)/((-3)/(-9))*-1. What is the greatest common divisor of j and w?
1
Let t be (-121)/(99/9) + 16. Let d be 88/6 + 1/3. What is the highest common factor of d and t?
5
Suppose 8*s - 13 - 1 = 10. Let i be (-4)/10 + (-66)/(-15). Let y be (-2)/i + 14/4. What is the greatest common